{"id":57,"date":"2025-11-01T10:14:59","date_gmt":"2025-11-01T09:14:59","guid":{"rendered":"https:\/\/pathicus-band.de\/?page_id=57"},"modified":"2025-11-01T10:19:09","modified_gmt":"2025-11-01T09:19:09","slug":"about-pathicus","status":"publish","type":"page","link":"https:\/\/pathicus-band.de\/?page_id=57","title":{"rendered":"About Pathicus"},"content":{"rendered":"\n<p class=\"has-primary-color has-text-color has-link-color wp-elements-d67cdf886b2dc3df3a440b2a99d85d9f\">In einer Welt, geboren aus Licht und Schatten, liegt das zersplitterte Reich von <strong>Elyndor<\/strong>, einst geeint durch das <em>Herz der Sonne<\/em> \u2013 ein uraltes Relikt, das Leben und Magie im Gleichgewicht hielt.<\/p>\n\n\n\n<p class=\"has-primary-color has-text-color has-link-color wp-elements-fab2d00c65bafd4e08fcd1bd7ffa5424\">Doch vor tausend Jahren stieg aus den Tiefen der Finsternis der gefallene Engel <strong>Vharon<\/strong> empor, der das Herz zerbrach und seine Splitter \u00fcber Himmel und H\u00f6lle verstreute.<\/p>\n\n\n\n<p class=\"has-primary-color has-text-color has-link-color wp-elements-230942c594309bee5e0b5390acf26e41\">Aus dieser Asche erhebt sich nun ein neuer Held: <strong>Pathicus<\/strong>, Sohn der St\u00fcrme, Tr\u00e4ger des geborstenen Lichts. Getrieben von einer Vision der G\u00f6ttin <strong>Aurelia<\/strong>, schw\u00f6rt er, die Splitter zu finden, das Herz zu erneuern \u2013 und Elyndor aus der ewigen Nacht zu befreien.<\/p>\n\n\n\n<p class=\"has-primary-color has-text-color has-link-color wp-elements-a68a9a73b9289e02b1b84d276796a5be\">Seine Reise f\u00fchrt ihn \u00fcber flammende W\u00fcsten, in versunkene Tempel und hinauf zu den Kristallthronen des Nordwinds. Gef\u00e4hrten, D\u00e4monen, Drachen und G\u00f6tter werden seine Wege kreuzen \u2013 doch nur wer das Herz der Sonne versteht, kann die Dunkelheit besiegen.<\/p>\n\n\n\n<p class=\"has-primary-color has-text-color has-link-color wp-elements-d57e871ce737f7f0b25f98ed61ae0d95\">So beginnt das Zeitalter des Lichts.<br>So beginnt die Legende von <\/p>\n\n\n\n<figure class=\"wp-block-image size-full\"><img loading=\"lazy\" decoding=\"async\" width=\"512\" height=\"512\" src=\"https:\/\/pathicus-band.de\/wp-content\/uploads\/2025\/11\/cropped-Goldener-_PATHICUS_-Logo-mit-Sonnensymbol.png\" alt=\"\" class=\"wp-image-48\" srcset=\"https:\/\/pathicus-band.de\/wp-content\/uploads\/2025\/11\/cropped-Goldener-_PATHICUS_-Logo-mit-Sonnensymbol.png 512w, https:\/\/pathicus-band.de\/wp-content\/uploads\/2025\/11\/cropped-Goldener-_PATHICUS_-Logo-mit-Sonnensymbol-300x300.png 300w, https:\/\/pathicus-band.de\/wp-content\/uploads\/2025\/11\/cropped-Goldener-_PATHICUS_-Logo-mit-Sonnensymbol-150x150.png 150w, https:\/\/pathicus-band.de\/wp-content\/uploads\/2025\/11\/cropped-Goldener-_PATHICUS_-Logo-mit-Sonnensymbol-270x270.png 270w, https:\/\/pathicus-band.de\/wp-content\/uploads\/2025\/11\/cropped-Goldener-_PATHICUS_-Logo-mit-Sonnensymbol-192x192.png 192w, https:\/\/pathicus-band.de\/wp-content\/uploads\/2025\/11\/cropped-Goldener-_PATHICUS_-Logo-mit-Sonnensymbol-180x180.png 180w, https:\/\/pathicus-band.de\/wp-content\/uploads\/2025\/11\/cropped-Goldener-_PATHICUS_-Logo-mit-Sonnensymbol-32x32.png 32w\" sizes=\"auto, (max-width: 512px) 100vw, 512px\" \/><\/figure>\n\n\n\n<p><\/p>\n","protected":false},"excerpt":{"rendered":"<p>In einer Welt, geboren aus Licht und Schatten, liegt das zersplitterte Reich von Elyndor, einst geeint durch das Herz der Sonne \u2013 ein uraltes Relikt, das Leben und Magie im Gleichgewicht hielt. Doch vor tausend Jahren stieg aus den Tiefen der Finsternis der gefallene Engel Vharon empor, der das Herz zerbrach und seine Splitter \u00fcber&#8230;<\/p>\n","protected":false},"author":1,"featured_media":0,"parent":0,"menu_order":0,"comment_status":"closed","ping_status":"closed","template":"","meta":{"footnotes":""},"class_list":["post-57","page","type-page","status-publish","hentry"],"_links":{"self":[{"href":"https:\/\/pathicus-band.de\/index.php?rest_route=\/wp\/v2\/pages\/57","targetHints":{"allow":["GET"]}}],"collection":[{"href":"https:\/\/pathicus-band.de\/index.php?rest_route=\/wp\/v2\/pages"}],"about":[{"href":"https:\/\/pathicus-band.de\/index.php?rest_route=\/wp\/v2\/types\/page"}],"author":[{"embeddable":true,"href":"https:\/\/pathicus-band.de\/index.php?rest_route=\/wp\/v2\/users\/1"}],"replies":[{"embeddable":true,"href":"https:\/\/pathicus-band.de\/index.php?rest_route=%2Fwp%2Fv2%2Fcomments&post=57"}],"version-history":[{"count":3,"href":"https:\/\/pathicus-band.de\/index.php?rest_route=\/wp\/v2\/pages\/57\/revisions"}],"predecessor-version":[{"id":62,"href":"https:\/\/pathicus-band.de\/index.php?rest_route=\/wp\/v2\/pages\/57\/revisions\/62"}],"wp:attachment":[{"href":"https:\/\/pathicus-band.de\/index.php?rest_route=%2Fwp%2Fv2%2Fmedia&parent=57"}],"curies":[{"name":"wp","href":"https:\/\/api.w.org\/{rel}","templated":true}]}}